, 5, 19
List the prime factors of 1761.
3, 587
List the prime factors of 777.
3, 7, 37
List the prime factors of 49356.
2, 3, 457
What are the prime factors of 112812?
2, 3, 7, 17, 79
List the prime factors of 7544.
2, 23, 41
What are the prime factors of 66720?
2, 3, 5, 139
What are the prime factors of 729?
3
List the prime factors of 59431.
103, 577
What are the prime factors of 58371?
3, 19457
What are the prime factors of 12749?
11, 19, 61
List the prime factors of 35558.
2, 23, 773
List the prime factors of 4031.
29, 139
List the prime factors of 4319.
7, 617
What are the prime factors of 5057?
13, 389
List the prime factors of 6129.
3, 227
What are the prime factors of 6448?
2, 13, 31
What are the prime factors of 16761?
3, 37, 151
What are the prime factors of 2173?
41, 53
List the prime factors of 7997.
11, 727
What are the prime factors of 2004?
2, 3, 167
What are the prime factors of 12254?
2, 11, 557
List the prime factors of 3039.
3, 1013
List the prime factors of 3158.
2, 1579
List the prime factors of 100652.
2, 25163
What are the prime factors of 53173?
53173
List the prime factors of 2460.
2, 3, 5, 41
List the prime factors of 5799.
3, 1933
List the prime factors of 464.
2, 29
List the prime factors of 2620.
2, 5, 131
List the prime factors of 43.
43
What are the prime factors of 22995?
3, 5, 7, 73
List the prime factors of 27374.
2, 13687
What are the prime factors of 1940?
2, 5, 97
What are the prime factors of 12609?
3, 467
What are the prime factors of 67192?
2, 37, 227
List the prime factors of 15455.
5, 11, 281
List the prime factors of 11619.
3, 1291
What are the prime factors of 713?
23, 31
What are the prime factors of 4377?
3, 1459
List the prime factors of 95787.
3, 29, 367
What are the prime factors of 958?
2, 479
What are the prime factors of 1119?
3, 373
List the prime factors of 126796.
2, 31699
List the prime factors of 21349.
37, 577
List the prime factors of 15025.
5, 601
List the prime factors of 2614.
2, 1307
List the prime factors of 193.
193
What are the prime factors of 85419?
3, 9491
List the prime factors of 106733.
11, 31, 313
What are the prime factors of 487?
487
What are the prime factors of 39408?
2, 3, 821
What are the prime factors of 540?
2, 3, 5
List the prime factors of 39026.
2, 13, 19, 79
List the prime factors of 34021.
13, 2617
List the prime factors of 817.
19, 43
List the prime factors of 913.
11, 83
List the prime factors of 386.
2, 193
List the prime factors of 69600.
2, 3, 5, 29
What are the prime factors of 13401?
3, 1489
What are the prime factors of 2986?
2, 1493
What are the prime factors of 4359?
3, 1453
What are the prime factors of 1649?
17, 97
What are the prime factors of 11872?
2, 7, 53
What are the prime factors of 2043?
3, 227
What are the prime factors of 2086?
2, 7, 149
List the prime factors of 865.
5, 173
List the prime factors of 4037.
11, 367
What are the prime factors of 7521?
3, 23, 109
List the prime factors of 2674.
2, 7, 191
List the prime factors of 76130.
2, 5, 23, 331
List the prime factors of 1599.
3, 13, 41
What are the prime factors of 7647?
3, 2549
What are the prime factors of 67208?
2, 31, 271
List the prime factors of 8369.
8369
What are the prime factors of 58?
2, 29
What are the prime factors of 347?
347
What are the prime factors of 416?
2, 13
List the prime factors of 329.
7, 47
What are the prime factors of 2773?
47, 59
List the prime factors of 3093.
3, 1031
List the prime factors of 5347.
5347
What are the prime factors of 5379?
3, 11, 163
What are the prime factors of 5869?
5869
List the prime factors of 107.
107
List the prime factors of 81998.
2, 7, 5857
List the prime factors of 28174.
2, 14087
List the prime factors of 147038.
2, 37, 1987
What are the prime factors of 4133?
4133
List the prime factors of 902.
2, 11, 41
List the prime factors of 1450.
2, 5, 29
What are the prime factors of 730?
2, 5, 73
List the prime factors of 146570.
2, 5, 14657
What are the prime factors of 2141?
2141
What are the prime factors of 11074?
2, 7, 113
List the prime factors of 2657.
2657
List the prime factors of 134.
2, 67
What are the prime factors of 173593?
7, 24799
List the prime factors of 49202.
2, 73, 337
List the prime factors of 3031.
7, 433
What are the prime factors of 3131?
31, 101
What are the prime factors of 343?
7
What are the prime factors of 1379?
7, 197
What are the prime factors of 552?
2, 3, 23
What are the prime factors of 1418?
2, 709
List the prime factors of 34743.
3, 37, 313
What are the prime factors of 30587?
73, 419
What are the prime factors of 601?
601
What are the prime factors of 32980?
2, 5, 17, 97
What are the prime factors of 1199?
11, 109
What are the prime factors of 12743?
12743
What are the prime factors of 234?
2, 3, 13
List the prime factors of 1657.
1657
List the prime factors of 48772.
2, 89, 137
What are the prime factors of 418?
2, 11, 19
What are the prime factors of 574?
2, 7, 41
List the prime factors of 2380.
2, 5, 7, 17
List the prime factors of 78049.
78049
What are the prime factors of 487?
487
What are the prime factors of 1659?
3, 7, 79
List the prime factors of 94552.
2, 53, 223
What are the prime factors of 31290?
2, 3, 5, 7, 149
List the prime factors of 1751.
17, 103
What are the prime factors of 5488?
2, 7
What are the prime factors of 159?
3, 53
List the prime factors of 4473.
3, 7, 71
List the prime factors of 40.
2, 5
What are the prime factors of 2098?
2, 1049
What are the prime factors of 1197?
3, 7, 19
What are the prime factors of 14140?
2, 5, 7, 101
What are the prime factors of 2085?
3, 5, 139
What are the prime factors of 25724?
2, 59, 109
What are the prime factors of 443?
443
What are the prime factors of 1358?
2, 7, 97
List the prime factors of 3053.
43, 71
List the prime factors of 388.
2, 97
List the prime factors of 1103.
1103
What are the prime factors of 26001?
3, 107
What are the prime factors of 1273?
19, 67
What are the prime factors of 579?
3, 193
List the prime factors of 4496.
2, 281
What are the prime factors of 2515?
5, 503
List the prime factors of 151388.
2, 37847
What are the prime factors of 103414?
2, 29, 1783
List the prime factors of 8627.
8627
What are the prime factors of 3644?
2, 911
List the prime factors of 8286.
2, 3, 1381
What are the prime factors of 22849?
73, 313
List the prime factors of 1595.
5, 11, 29
What are the prime factors of 1508?
2, 13, 29
List the prime factors of 2057.
11, 17
What are the prime factors of 978?
2, 3, 163
List the prime factors of 2256.
2, 3, 47
List the prime factors of 597.
3, 199
List the prime factors of 2197.
13
List the prime factors of 95247.
3, 19, 557
What are the prime factors of 169624?
2, 7, 13, 233
List the prime factors of 5578.
2, 2789
List the prime factors of 7390.
2, 5, 739
What are the prime factors of 1067?
11, 97
What are the prime factors of 4855?
5, 971
List the prime factors of 2522.
2, 13, 97
What are the prime factors of 14366?
2, 11, 653
List the prime factors of 51507.
3, 59, 97
List the prime factors of 3354.
2, 3, 13, 43
List the prime factors of 1257.
3, 419
What are the prime factors of 100581?
3, 13, 2579
What are the prime factors of 6304?
2, 197
What are the prime factors of 8014?
2, 4007
What are the prime factors of 2218?
2, 1109
List the prime factors of 97292.
2, 13, 1871
List the prime factors of 48298.
2, 19, 31, 41
What are the prime factors of 6237?
3, 7, 11
List the prime factors of 3587.
17, 211
What are the prime factors of 84600?
2, 3, 5, 47
List the prime factors of 11989.
19, 631
What are the prime factors of 31513?
31513
What are the prime factors of 675?
3, 5
What are the prime factors of 15019?
23, 653
List the prime factors of 14799.
3, 4933
What are the prime factors of 679?
7, 97
List the prime factors of 1308.
2, 3, 109
List the prime factors of 38365.
5, 7673
What are the prime factors of 106922?
2, 193, 277
List the prime factors of 2578.
2, 1289
List the prime factors of 12327.
3, 7, 587
What are the prime factors of 1478?
2, 739
What are the prime factors of 26765?
5, 53, 101
List the prime factors of 3470.
2, 5, 347
What are the prime factors of 6297?
3, 2099
What are the prime factors of 1609?
1609
List the prime factors of 59449.
13, 17, 269
What are the prime f